me factors of l.
2, 3, 17, 47
Let i(t) = 632*t**3 + 9*t**2 - 10*t + 4. What are the prime factors of i(2)?
2, 3, 47
Let t(s) = -58*s + 2030. What are the prime factors of t(0)?
2, 5, 7, 29
Let c be (-3)/4 - 6433/(-28). Suppose 3*q + q = l - c, 2*l - 438 = 4*q. What are the prime factors of l?
11, 19
Let q be 1*(-5)/5 + 6. Suppose 2*x - 4060 = -q*x. List the prime factors of x.
2, 5, 29
What are the prime factors of (0 - 2)*((-58)/(-4))/((-10)/4630)?
29, 463
Suppose -20*r - 14*r + 28170 = -29*r. List the prime factors of r.
2, 3, 313
Suppose -4*l + 5*q - 355 = 0, 3*q = -0*l + 3*l + 267. Let t be 98 - ((-3 - 1) + 6). Let x = l + t. What are the prime factors of x?
2, 3
Suppose 0 = -8*u + 48 - 0. Suppose u*a - 5683 - 2129 = 0. What are the prime factors of a?
2, 3, 7, 31
List the prime factors of (13 - 5 - 845/104)*-51032.
6379
Suppose t + 2 = 3*t + 4*d, 0 = -2*t - 5*d - 1. Suppose -7 + t = -6*x. Suppose x = -48*l + 53*l - 370. List the prime factors of l.
2, 37
Let j(u) be the second derivative of 23*u**4/12 - u**3/2 + 8*u**2 - 2*u + 52. List the prime factors of j(5).
2, 3
Let r(w) = 36*w**2 + 15. Let n(t) = -19*t**2 - 8. Let x(o) = 11*n(o) + 6*r(o). List the prime factors of x(2).
2, 3, 5
Let l(o) = o**3 + 82*o**2 - 344*o - 2. Let a be l(-86). Let r(s) = -7 - 17*s**3 + 3 - 3*s + 3*s**2 - 2*s**2. What are the prime factors of r(a)?
2, 71
Let d(w) = -w**3 + 11*w**2 + 319*w - 129. What are the prime factors of d(20)?
11, 241
Let i(g) = 250*g + 1070. What are the prime factors of i(8)?
2, 5, 307
Let j be 652/(1530/192 - 8). What are the prime factors of j/(-14) + (-675)/(-63) + -11?
2, 5, 149
Suppose -88 = t + 3*t. Let z be 4/t + (-6705)/(-33). Suppose 4*v - 177 = z. List the prime factors of v.
5, 19
Let r be (-18 + 8 - -358)*(-98)/(-4). Suppose 2*y = -19*y + r. List the prime factors of y.
2, 7, 29
Let u(z) = z**3 + 7*z**2 - 29*z - 6. Let h be u(11). Let j = 2748 - h. List the prime factors of j.
5, 179
Suppose -462 + 104 = -t. Suppose 16*g - 14*g = -48*g - 12600. Let f = t + g. List the prime factors of f.
2, 53
Let p = -4874 - -7634. List the prime factors of p.
2, 3, 5, 23
Let j = 10088 - 2093. What are the prime factors of j?
3, 5, 13, 41
Let b = 6967 + 46317. What are the prime factors of b?
2, 7, 11, 173
Let d = 170 + -96. Suppose -2*y = -2*a - d, 17*a - 14*a = 4*y - 147. List the prime factors of y.
2, 3
Let w(j) = 10*j**2 + 105*j + 6. What are the prime factors of w(-35)?
8581
Suppose c - 71*c + 1485470 = -1478960. List the prime factors of c.
42349
Let z be (-1 + -3)/(2/13 + 0). Let d be z + 28 + 1 + 702. Suppose 0 = -70*j + 67*j + d. List the prime factors of j.
5, 47
Suppose -3*t + 8 = r, -t = 3*t - 5*r - 17. Suppose -2*m = t*m + 5*u - 480, 4*m + u = 384. List the prime factors of m.
2, 3
Let v(y) be the second derivative of 17*y**4/6 + 15*y**3/2 - 3*y**2/2 + 2*y + 55. What are the prime factors of v(-6)?
3, 317
Let t be -510*(504/30)/4. Let z = -4 - -2. List the prime factors of z/5 + t/(-30).
71
Let c(f) = -4*f**2 + 12*f + 3. Let x be c(3). Suppose -31*y = x*y - 24378. List the prime factors of y.
3, 239
Suppose 4688*o - 2736024 = 4516*o + 1462840. List the prime factors of o.
2, 17, 359
Suppose -17 + 33 = 4*b. Suppose 3*g - 10 = 2, z - b*g + 11 = 0. Suppose 3*c + 4*t - 799 = -0*t, z*c + 4*t = 1329. What are the prime factors of c?
5, 53
Let n be (18/(-6)*(-178)/(-3))/2. Suppose 4 = -3*z + a - 87, -z + a = 31. Let o = z - n. What are the prime factors of o?
59
Suppose -35931 + 220343 = 55*b - 187498. List the prime factors of b.
2, 3, 7, 23
Suppose 8*o - 298 - 166 = 0. Suppose 2*y - 597 = m, 4*y + o = 3*m + 1253. List the prime factors of y.
2, 149
Let k(n) = -19*n**3 - 8*n**2 - 11*n - 42. What are the prime factors of k(-7)?
2, 5, 7, 11
Suppose 0 = 17*s - 849037 + 170227. List the prime factors of s.
2, 3, 5, 11
Let d(r) be the first derivative of r**4/4 - r**3/3 + 9*r**2/2 - 25*r + 82. What are the prime factors of d(8)?
3, 5, 11
Let h = 8923 + -6317. Let c = 3886 - h. What are the prime factors of c?
2, 5
Let g(m) = 2*m**3 - 27*m**2 - 10*m - 36. Let w be g(23). Suppose 12*k + 1397 - w = 0. What are the prime factors of k?
3, 233
Let x = 27203 - 9192. List the prime factors of x.
7, 31, 83
Let g = -7396 - -12673. What are the prime factors of g?
3, 1759
Suppose 2*p + w = 1, 2*w - 5 = -3*w. Let x be -1 - 80/(p - -4). List the prime factors of (14/x)/((-2)/669).
223
Let g be (-3944)/36 - (-5 - 49/(-9)). List the prime factors of 14 + -7 - 4 - g.
113
Let d(t) = 5*t - 16. Let x be d(4). Suppose -x*u - 3*i + 520 = -3*u, -5*i - 1518 = -3*u. What are the prime factors of u?
7, 73
Let s = 83 + -54. Suppose -39*z + 1130 = -s*z. List the prime factors of z.
113
Let l = -424 + 724. Suppose -12*v + 16*v - l = 0. Let j = v + 7. What are the prime factors of j?
2, 41
Suppose 0 = -29*h + 22*h - 2345. Let u = h + 1111. What are the prime factors of u?
2, 97
Let y = 47243 + -16068. What are the prime factors of y?
5, 29, 43
Suppose -2128 - 55148 = -p. What are the prime factors of p?
2, 3, 37, 43
Let l(y) = 18*y + 1048. What are the prime factors of l(-14)?
2, 199
Let v(z) = 6*z - 2. Let p be v(16). Let o = -15 + p. What are the prime factors of (2/(-5) - 153/(-45)) + o?
2, 41
Let r = -63 - -68. Suppose x - 2*x = k - 649, -r*k + 5*x + 3255 = 0. List the prime factors of k.
2, 5, 13
Let v be ((-84)/(-18))/(8/(-12)). What are the prime factors of -4*(-3)/(-18)*861/v?
2, 41
Suppose 0 = -7*f + 16*f - 144. Let y(p) = -1 + p - p + f*p**2 + 2*p + p**2. List the prime factors of y(-3).
2, 73
Let u be (-1)/(-7) + ((-11418)/14)/(-3). Suppose 0 = 4*n + 9 + 7. What are the prime factors of 1/(((-4)/u)/(2 + n))?
2, 17
Let h(u) be the second derivative of 41*u**4/3 + u**3/6 - 5*u**2/2 + 2*u - 8. List the prime factors of h(-2).
11, 59
Let y be (-2)/((-16)/(14 + -6)). What are the prime factors of (-118)/y*(-16 + 9)?
2, 7, 59
Let c = 158 + -95. Let b = 54 - c. Let h = b - -53. List the prime factors of h.
2, 11
Let c(a) = a**3 - 18*a**2 + 27*a - 287. What are the prime factors of c(30)?
13, 67
Let b = 27 + -20. Suppose 4*g - 2*r = -b*r + 92, -3*r - 12 = 0. Suppose -5*p - g = -7*p. What are the prime factors of p?
2, 7
List the prime factors of (-6)/(482776/48279 - 10).
3, 11, 19
Let w(i) be the first derivative of 6*i**3 + 33*i**2/2 + 103*i + 86. What are the prime factors of w(-3)?
2, 83
Suppose 0 = -115*b + 88*b + 313551. List the prime factors of b.
3, 7, 79
Suppose -30*l + 1012860 = -438240. What are the prime factors of l?
2, 5, 7, 691
Let m(z) = -230*z - 13. Let t be m(-3). List the prime factors of t*((-6)/(-4) - 1/2).
677
Suppose -16*f - 3*v = -11*f + 59, 4*f + 28 = 4*v. Let c(r) = -r**3 - r + 15 - 5*r + 0*r - 10*r**2. List the prime factors of c(f).
3, 5
Let v be ((-3)/(-2))/(6/376). Let l be (-6300)/77 + 14/(-77). Let m = v + l. What are the prime factors of m?
2, 3
Let l = 71411 + -41429. List the prime factors of l.
2, 3, 19, 263
List the prime factors of ((-60)/(-80) - 53914/(-8)) + (0 - 4).
2, 421
Let f(w) = -7*w**3 + 2*w**2 - 388*w - 92. List the prime factors of f(-17).
67, 619
Let t = -1924 + 829. Let q = -690 - t. List the prime factors of q.
3, 5
Let g = 379 + -382. List the prime factors of (g/2)/(20133/2520 - 8).
2, 5, 7
Let f(j) = 59*j**3 - 3*j**2 - 4*j + 8. Let h be f(2). Let l = 770 - h. What are the prime factors of l?
2, 5, 31
Suppose -b - 196 = -4*v, -28*v + 5*b = -32*v + 220. List the prime factors of 1379/5 - (390/v - 7).
5, 11
Let v(l) = 13*l + 9*l**2 - 2*l**2 + 31 - 64*l + 26*l. List the prime factors of v(9).
373
Suppose 104787 = -4*f - c + 312736, -4*c = -20. List the prime factors of (-2)/(-9) - f/(-153).
2, 5, 17
Suppose -4*k = -4*g + g + 13596, 2*g = -7*k + 9006. What are the prime factors of g?
2, 3, 13, 29
Suppose -9*d = 102 - 1632. Suppose 4*w - 12 = 2*w. Suppose -160 = -w*n + d. List the prime factors of n.
5, 11
Suppose 0 = 6*h - 30, -5*q + 4*h - h = 65. List the prime factors of 7/((-315)/q) + 19792/36.
2, 5, 11
Let o = -1576 - -1577. Let w(f) = 3 + 17*f - 16*f + 22*f. List the prime factors of w(o).
2, 13
Let y = 82619 - 49381. What are the prime factors of y?
2, 16619
Let d be ((-34)/24 - 2/8)*-3. Let x = d - 0. Suppose 0 = u - x*u + 112. What are the prime factors of u?
2, 7
Let a = -398 + 407. What are the prime